False
Let q(p) = -658*p - 50*p - 222*p - 1 + 94*p. Let g be q(-2). Suppose 37*f - 34*f - g = 0. Is f prime?
True
Let a be 6413 + -6 + 0 + 3. Let s = a + -3613. Is s a prime number?
True
Suppose -9*q + q = 20784. Let j be (28/6 - 3)/((-1)/q). Let a = j - -769. Is a a composite number?
False
Let o = 12213 - 2040. Let n = -6512 + o. Suppose -14*g - 707 = -n. Is g prime?
True
Suppose -10*a + 50 = -0*a. Suppose 12332 + 2853 = 5*u + b, -a*u + 15185 = -3*b. Is u a prime number?
True
Let l be (-5 - -5) + 0 + (-6)/(-1). Suppose l*f - 20 = -4*f. Suppose g = f*g - 1103. Is g a composite number?
False
Let v = -19707 - -33904. Is v prime?
True
Let v(x) = -2*x**3 - 29*x**2 + 12*x + 106. Suppose 63 - 9 = -3*w - 3*z, -2*z = -4*w - 90. Is v(w) a composite number?
True
Let j be (-3)/5 + 130/(-250)*-2605. Let m = 3969 + j. Is m a prime number?
True
Suppose 0 = -o - 5, 4*i - 2*o = -4*o + 342682. Is i a composite number?
True
Suppose q - 7 = -2*i - i, 2*q = 2*i + 6. Suppose q*t = -817 + 25557. Is t composite?
True
Suppose -860*a + 882*a = 2614106. Is a a prime number?
False
Suppose 2*o - 4*u + 25 = 7*o, 0 = -o + u - 4. Let w be (o/2)/(19/9880). Let c = w + 59. Is c a prime number?
False
Let x = 121 - -1530. Suppose 2070 = 5*c + 5*t, -3*c + 5*t - x = -7*c. Is c a composite number?
False
Let l = -368698 + 841237. Is l a composite number?
True
Let w(m) = -7 + 28 - 64*m - 13 - 13. Is w(-1) a prime number?
True
Suppose -21*b + 426454 = -3*b - 4*b. Is b prime?
False
Let y be 549/(-36) + 9/(-12). Let c(x) = x**2 - 11*x + 37. Is c(y) a prime number?
False
Is (4160/(-180) + 23)*-2509209 prime?
True
Let w be ((-2072)/(-12) - -1)/((-2)/18). Let c = w - -4478. Let b = c - 1182. Is b composite?
False
Suppose 53*n + 75609 = 56*n. Let c = n + -10232. Is c a prime number?
False
Let n(r) = -11*r**2 + 5*r - 31304. Let o(k) = 5*k**2 - 2*k + 15653. Let c(g) = 4*n(g) + 9*o(g). Is c(0) a composite number?
False
Let v = -188503 - -1180812. Is v prime?
True
Suppose 0 = -9*n + 11912449 - 1656922. Is n composite?
False
Let w(s) = 2*s + 10. Let i be w(9). Let z(k) = 9*k**3 - 2 + 10*k**3 - 18*k**3 - 26*k**2 - 3 + 19*k. Is z(i) a composite number?
True
Let a be (-12)/(48/64 - (-1)/4). Let g be ((-7)/3 - -2)/(2/a). Is ((-509)/g)/((-2)/4) a prime number?
True
Let x be ((-6)/4)/((-7)/238). Let j = x - 34. Suppose -22*l + 1635 = -j*l. Is l a prime number?
False
Let y = -41344 - -149513. Is y prime?
False
Let x be (2*(-3)/12)/(2/(-48728)). Let k = 12464 - 4339. Let w = x - k. Is w composite?
False
Let n(w) = 4*w**2 - 5*w - 2. Let q be n(3). Is ((-92)/2)/(q/(-19)) composite?
True
Is (-1)/(-3)*1161 - -4 a composite number?
True
Let i = -49891 + 90678. Is i a composite number?
False
Let b = 15 - 11. Let o be (2/b)/((-2)/4). Is 1059*(o + 15/9) a composite number?
True
Let d(j) = 61*j + 17. Let a(c) = c. Let l(o) = -4*a(o) - d(o). Suppose 7*r + 144 = 102. Is l(r) prime?
True
Let q = 193 - 172. Suppose 2279 = -q*g + 19898. Is g a prime number?
True
Suppose 2*c - 142504 = -l, 0 = 4*c - 83*l + 84*l - 285006. Is c a composite number?
True
Let h = 180468 - 79225. Is h prime?
False
Suppose 11*j - 1462782 = 1124561. Is 10/45 + j/9 prime?
False
Let y(n) = 216*n**2 - 6*n + 35. Let i be y(-15). Suppose 0 = r + 24*r - i. Is r prime?
True
Suppose -15678 = -6*l + 35649 + 105603. Is l composite?
True
Suppose -7*q - 12 = -10*q, -728678 = -5*v + 3*q. Suppose 16*l = v + 2086. Is l prime?
True
Is (-16298202)/(-54) + (-32)/9 + 4 prime?
False
Let t(j) = -27*j + 35. Let m be t(1). Suppose m*r + 135383 = 45*r. Is r a composite number?
False
Suppose 16725544 = 67*d + 21*d. Is d composite?
False
Suppose 4*c + 5*d = d + 36, -c - 1 = -d. Suppose -c*j - 491 = -5195. Suppose 2*o = j + 130. Is o a prime number?
True
Suppose 4*m - q = 39 + 6, -q = 2*m - 15. Is (3140/50)/(4/m) a prime number?
True
Suppose -14*n = -8020 - 17698. Is n a prime number?
False
Suppose 8*u + 0*u - 56 = 0. Let r(l) = 5*l - 62*l**3 + 63*l**3 + 20*l**2 - u + 18. Is r(-17) composite?
True
Suppose 79*x - 77*x - 8 = 0, 3*y + 3*x - 75597 = 0. Is y composite?
True
Let n = 95 - 102. Let o(b) = b**3 + 14*b**2 - 15*b - 29. Is o(n) a prime number?
True
Let p be (-9)/(-24) - 145/(-40). Suppose -a - 2741 = -2*a - 2*o, -p*a - 5*o + 10964 = 0. Is a prime?
True
Suppose 16*c = 10*c + 508722. Is c a prime number?
True
Let p = 119784 + 117337. Is p composite?
True
Suppose 0 = 4*m - 68269 - 108679. Is m a composite number?
True
Let r be (-2 + 4)*((-12)/3 - -202). Let m be 1110/4*r/45. Let o = 4403 - m. Is o composite?
True
Suppose -5*h + 10021 = -16*h. Let f(j) = j**3 + 24*j**2 + 31. Let v be f(-21). Let k = v + h. Is k a prime number?
True
Let n(v) = -v**2 - 8*v - 11. Let c be n(-6). Is 294749/65 + c + (-6)/10 prime?
False
Suppose 3*z = 14*r + 7407517, 3*z - 648439 = r + 6759013. Is z a composite number?
False
Let y(q) = 34*q**3 - 11*q**2 + 22*q + 224. Is y(9) a prime number?
True
Suppose 13*z - 30*z + 2269885 = -12*z. Is z prime?
True
Let n = -53 - -46. Let l be (n - -6)/((-2)/1726). Let i = l - 385. Is i a composite number?
True
Let h(r) = -325317*r + 6809. Is h(-4) composite?
False
Suppose u - 5 - 36 = 0. Suppose 12*s - 125 = -u. Is (2/3)/(s/((-298284)/(-8))) a composite number?
True
Suppose -16511 - 1040996 = 8*l - 19*l. Is l a prime number?
True
Suppose -4*r + 9 = -q - 12, -4*r = 5*q + 9. Suppose -4*m - 1354 = -2*o, o + 0*m - 665 = -r*m. Is o composite?
False
Let a be 5 + 12306 + 1 + (-4 - -2). Suppose -6*s = -3*s - 39. Suppose -s*l + 11883 + a = 0. Is l a composite number?
False
Suppose 2*k - r = 18, 4*k - 3*r + 4 = 42. Let s be 2 - 0 - -1 - k. Is (10/(-6))/(4/(s - 1063)) prime?
False
Suppose 4*b - 2 = -k + 2, 3*k = 0. Is b/(((-42)/11851)/(-6)) prime?
True
Suppose 2*l - 6*r + 10*r = 32248, l = 5*r + 16131. Suppose 27*k = 16*k + l. Is k a composite number?
True
Let s = 251 - 236. Suppose 19*d - 474028 = -s*d. Is d a prime number?
False
Let c = -91 + 61. Let y = c + 33. Suppose y*m = -m + 13412. Is m a composite number?
True
Let p = 18966 + -12507. Is p a composite number?
True
Let d be (-7)/((-420)/5676) + (-6)/10. Suppose -3*b + d = -479. Is b a prime number?
True
Suppose 0 = -u - 0*u - 774. Suppose -12*p + 19808 = -7972. Let x = p + u. Is x a prime number?
False
Let a be (-66)/(-176) - 1043/8. Is 6/(-10) - 319748/a a prime number?
True
Suppose z - z - 2513377 = -19*z. Is z composite?
False
Let i(y) = 35*y**2 + 2*y - 16. Let g be -2 - ((-5 - 0)/(-1) + 0). Is i(g) prime?
False
Let g = -200 - -204. Is 1619*15/(12/g) composite?
True
Suppose 31*t - 19*t + 0*t = 1255476. Is t a prime number?
True
Suppose 0 = j + c - 22286, 0 = -4*j + 2*c + 137373 - 48211. Is j a composite number?
True
Let q(n) = -3*n + 14. Let v be q(4). Let w(p) = -p**3 + 3*p**2 - 4. Let i be w(v). Let g(j) = 4*j**2 + 317. Is g(i) a composite number?
False
Let c(z) = 4*z**2 + 10*z + 25. Let q = 60 - 28. Let o = q + -41. Is c(o) prime?
False
Suppose -10*x + 14*x - 8 = 0. Let i(k) = 17 - 5*k**2 + k**3 - 9*k**2 + 4*k - k**x. Is i(15) composite?
True
Is (-157)/((-13)/(12753/27))*3 a prime number?
False
Let p(y) = -y**3 - 10*y**2 + 251*y - 137. Is p(-44) a composite number?
True
Suppose 60*v - 57*v + 5*s = -34, 5*v - s + 38 = 0. Let d(f) = f**3 - 19 - 9*f + 11*f**2 + 0*f + 2*f**2. Is d(v) composite?
False
Suppose 5*o - 4*b - 40 = 0, 33 = 5*o + b - 32. Suppose 3*l = -3*c + 9144, 10*c = o*c + l - 6095. Is c a composite number?
True
Let k be 40/(-12)*(-3)/(-2). Let u(t) = -6*t - 34. Let z(o) = -3*o - 17. Let s(j) = k*z(j) + 2*u(j). Is s(16) prime?
False
Suppose -35*d + 37*d - 2*w = 459090, -2*d = 3*w - 459070. Is d prime?
False
Let j = -37 - -65. Let l = j + -29. Is (3676/(-10))/(l + (-3)/(-5)) a prime number?
True
Suppose -10*w + 38236 = w. Suppose 9*z = 2203 + w. Is z a prime number?
True
Suppose 5*f + 1630 = -0*f. Let h be ((-438)/((-12)/4))/((-4)/(-14)). Let w = h + f. Is w prime?
False
Suppose 2*u - 3*u + 1 = 0. Let a(g) = 638*g**3 - g**2 - g. Let h be a(u). Suppose 2*v = -5*s - v + 1582, -2*v - h = -2*s. Is s a composite number?
False
Suppose 7222 = -104*o + 106*o. Suppose o = 267*h - 266*h. Is h prime?
False
Let y(x) = -3*x**2 - 20*x - 9. Let l be y(-8). Is (1 + -3 + -5)*l prime?
False
Suppose 114 = 10*r - 2*b, 40 = 3*r - 4*b - 1. Suppose 4*g + 3 = -f - 3, 4*g - 4 = 0. Is 1678*(36/(-60) - r/f) a composi